, 2*s - 2 = 2*n - 18. What is the units digit of n?
7
Suppose 2*w - 4*b = -6, 3*b - 9 = -5*w + 28. Suppose 3*a = -9, 2*l = w*a - 2*a + 975. What is the tens digit of l?
8
Let c(n) = 2*n**3 - 5*n + 4. Let v be c(5). Suppose -4*r + 549 + 391 = 2*t, v = r + 2*t. What is the units digit of r?
7
Let t be 2*3/(-2) - 11. Let p = -10 - t. Suppose p*b - 1368 = -4*b. What is the hundreds digit of b?
1
Suppose -3*n + 15975 = 9*p - 12*p, 4*n - 2*p - 21292 = 0. What is the units digit of n?
1
Let w(k) be the third derivative of k**5/30 - k**4/3 + 7*k**3/6 - k**2. Let z be w(3). What is the hundreds digit of ((-145 - -3)/z)/((-2)/3)?
2
What is the thousands digit of 3238 - (-6 - (9 + -4))?
3
Suppose 18*u + 42 = 6. What is the units digit of (u + 0/1)*(-2 - 756)?
6
Suppose 0 = -87*b + 76*b + 22198. Let n = -425 + b. What is the units digit of n?
3
Let r(y) = -y**2 - 4*y + 3. Let t be r(-4). Let n be 396360/1665 - (-6)/(-111). Suppose -t*f = 58 - n. What is the tens digit of f?
6
Suppose -40*g = -226120 - 82600. What is the units digit of g?
8
Suppose 3*i - 121 = -124. Let g(s) = -55*s**3 + 2*s**2 - 1. What is the units digit of g(i)?
6
Suppose 0 = 12*s - 24*s. Suppose -2*z + s = 4*q - 86, -5*z = 5*q - 120. What is the units digit of q?
9
Let y(z) = -2*z**2 - 17*z + 3. Let n be y(-14). Let r = n - -460. What is the hundreds digit of r?
3
Suppose -130 + 130 = v, 4*v = 4*t - 4420. What is the tens digit of t?
0
Let k = -5610 + 14274. What is the thousands digit of k?
8
Suppose -39*w = -43*w + 20, 0 = -3*q + 2*w + 9326. Suppose 10*x - 488 = q. What is the units digit of x?
0
Let l = -107 - -271. Suppose 0 = 3*w - r - 221, -2*w + 3*r + l = -r. What is the units digit of w?
2
Suppose -6*u + 179 = -5*u. Suppose -2*p + 267 = p - 5*b, u = 2*p - 3*b. What is the units digit of (p - 2/4*-6) + 2?
9
Let x be (2/(-3))/(7/(-63)). Suppose c = 3*c + x, s - 4*c - 14 = 0. What is the units digit of ((s + 0)/(-2))/((-1)/26)?
6
Suppose 5*y + 2*u + 6 - 44 = 0, 3*u = -3. Suppose 0 = -20*m + 22*m - y. Suppose m*w + 2*l = 5*l + 360, 2*l - 287 = -3*w. What is the tens digit of w?
9
Suppose -2*o + 6911 = x, 5*x - 12*o - 34630 = 3*o. What is the tens digit of x?
1
Let y = -605 + 601. Let m(u) = 39*u**2 - 5*u - 28. What is the hundreds digit of m(y)?
6
Let n(y) = -71*y + 174. Let g be n(-21). What is the units digit of g/10 + (-4)/(-8)?
7
Suppose 20*c - 16*c - 95 = -5*b, -2*b - 5*c = -21. Suppose -d = 19*k - b*k - 1105, -2*k + 8 = 0. What is the units digit of d?
1
Let z(k) be the third derivative of -157*k**4/8 - 3*k**3/2 + 58*k**2 + 2. What is the units digit of z(-1)?
2
Let i = -39216 - -55717. What is the units digit of i?
1
Let n(j) = -59*j**3 - 2*j**2 - 5*j - 9. Let u be n(-2). Let t = -218 + u. What is the units digit of t?
7
Suppose l - 1239 = -3*q, 4*q - 1652 = l + 4*l. Suppose 2*n = q + 229. What is the units digit of n?
1
Suppose 3*j + 1882 = -29. Let v = -398 - j. Let b = 401 - v. What is the hundreds digit of b?
1
Suppose -g - 4*g = 155. Let m be -1 + 38/(-8) - g/(-124). Let k(a) = -a + 34. What is the tens digit of k(m)?
4
Let g = 34 - 30. Suppose g*f = -4*r, -3*f + 2*f = 5*r + 8. What is the tens digit of f/(-4) + (-525)/(-30)?
1
What is the hundreds digit of (204/(-30))/((-170)/1117325)?
6
Suppose 8 = 3*n - 7. Suppose -6*t + n*t + 6 = -4*v, 4*v = -2*t + 12. Let c = 39 - t. What is the units digit of c?
3
Let f = -304 - -327. Suppose -18*n = 4*z - f*n - 821, z - 219 = 4*n. What is the units digit of z?
9
Let c(q) = q**3 + 18*q**2 + 4. Let t be c(-18). What is the units digit of t/(-28) - 117589/(-119)?
8
Suppose -5*l = t + 463, -4*l - 2252 = 9*t - 4*t. Let f = -31 - t. What is the units digit of f?
7
Let v(j) = -7*j - 101. Let n be v(-34). Let f = 343 + n. What is the hundreds digit of f?
4
Let f = 14458 + -10986. What is the thousands digit of f?
3
Let m = -279 - -281. Suppose -9*v = -7*v - m*f - 718, -2*v + 698 = 2*f. What is the tens digit of v?
5
Suppose -5*t + 1775 = -4485. Suppose 8*c + t - 4916 = 0. What is the hundreds digit of c?
4
Suppose -m + 432 = -2*q, -q - 154 - 64 = -m. What is the hundreds digit of (2/(-4)*q)/((-33)/(-198))?
6
Let m(w) = -138*w + 14 + 46*w**2 - 2*w**3 - 76*w**2 + 84*w - 47*w**2. What is the tens digit of m(-38)?
2
Let t(y) = 3*y**3 + 12*y**2 + 17*y - 10. Let u be t(-6). Let n = u - -1147. What is the units digit of n?
9
Let j(f) = -f + 25*f**2 + 91 + 8*f**3 - 12*f**3 + 10*f + 5*f**3 - 2*f**3. What is the units digit of j(25)?
6
Let u = 148494 + -89537. What is the units digit of u?
7
Suppose -446867 = 26*c - 27*c - 22*c. What is the tens digit of c?
2
Suppose 0 = -38*p + 42*p + 16, 5*p + 59055 = r. What is the ten thousands digit of r?
5
Suppose 2*i + 22 = -a, 0 = 5*a - 0*a - 4*i + 96. Let g be (a/(-15))/(6/9). Suppose 18 = n + g*p, -n = -4*n - 3*p + 69. What is the tens digit of n?
2
What is the hundreds digit of 20/40 + (-145329)/(-6) + (2 - -3)?
2
Suppose 0 = 39*a - 1091304 - 1088991. What is the hundreds digit of a?
9
Let c = 114758 + -80585. What is the ten thousands digit of c?
3
Let o = 14101 + -12737. What is the hundreds digit of o?
3
Let s(d) = 164*d**2 + 101*d - 461. Let x(c) = 41*c**2 + 25*c - 115. Let g(k) = -2*s(k) + 9*x(k). What is the tens digit of g(4)?
3
Let i be 37/5 - 14/35. Suppose -2*n + 3*q = -145, -i = -2*q + 3. Suppose -n = -u + 50. What is the hundreds digit of u?
1
Let a(x) = 7. Let k(m) = -8. Let o(h) = 7*a(h) + 6*k(h). Let u(i) = -14*i + 26. Let p(c) = 3*o(c) - u(c). What is the tens digit of p(8)?
8
Let l = 13369 - 7677. What is the hundreds digit of l?
6
Suppose -3*m = 2*i - 89, -3*i - 3*m + m = -146. Let a be 1*6/(-21) + i/(-14). What is the units digit of ((-6)/(-15))/(a/(-1420))?
2
Let z = -34 + 1408. Suppose 0 = -11*o + z + 2509. What is the units digit of o?
3
Let m(o) = o**3 + 8*o**2 - 7*o - 11. Let u be m(-8). Suppose 279 = 6*c - u. Suppose d - c - 66 = 3*l, 0 = -d - l + 100. What is the hundreds digit of d?
1
Let j = 0 - -1. Suppose 0 = -19*g + 56*g + 21904. What is the tens digit of j/(-3 + g/(-196)) + -1?
4
What is the hundreds digit of (-13)/(-15) + 14/105 + 847?
8
Let w = 113 - -24. Suppose w*m - 136*m = 568. What is the units digit of m?
8
Suppose 5*d - 28765 = -38*r + 33*r, 5*d - 28762 = -4*r. What is the thousands digit of d?
5
Suppose -206*f + 10073397 = 787741. What is the thousands digit of f?
5
What is the hundreds digit of (-378286)/(-22) + -1 - 2494/(-13717)?
1
Let h(x) = x**3 - x**2 - 5*x + 10. Let w be h(0). What is the tens digit of ((-4)/10 - 56/w) + 964?
5
Suppose -3*n + b = -97878, n + 65111 = 3*n + 15*b. What is the ten thousands digit of n?
3
Let z be -687*-5*5/15. Suppose -6*p + z = -p. What is the tens digit of p?
2
Suppose b + 2*b + 2 = 2*m, 3 = 3*b + 3*m. Suppose b = 6*z - 8*z - 2*s + 1064, 3*z - 1599 = -2*s. What is the hundreds digit of z?
5
Let f(z) = 4*z - 7. Let w be f(5). Suppose 8 = 26*r + 164. What is the units digit of (r/(-8))/(w/26)*42?
3
Suppose 37*c + 2*c + 127*c = 547468. What is the thousands digit of c?
3
Let j = 366 - 363. Suppose -6*k + 9*k = n + 5915, j*k + n - 5905 = 0. What is the hundreds digit of k?
9
Let k = 120 + -117. Suppose 0 = -k*t + 358 + 362. What is the units digit of t?
0
Suppose 5*l = -5*d - 135, 0 = -5*l - 4*d - 176 + 45. Let a = l - -30. What is the tens digit of a/(378/7032) + (-4)/18?
3
Suppose 4*k = -m + 8992 + 7676, 5*m - 12518 = -3*k. What is the hundreds digit of k?
1
Suppose 2*w + 4*t = -2*w + 24, w = 5*t + 18. What is the tens digit of (78/(-1))/(w/528*-9)?
7
Suppose -3*i + m = -5898, i + 7875 = 5*i - 5*m. Suppose -i = -5*b + 2*a - 155, 4*b - 4*a - 1448 = 0. What is the tens digit of b?
6
Let m(x) = -2*x**3 + 9*x**2 + 6*x - 17. What is the tens digit of m(-5)?
2
Suppose 20 = 8*l - 3*l. Suppose -4*v - 2*k + 0 = -4, v = -l*k - 6. What is the units digit of v?
2
Suppose -8*k = k - 206523. Suppose k + 2595 = 33*v. What is the hundreds digit of v?
7
Let f = -2032 - -11020. What is the thousands digit of f?
8
Suppose -111*x - 50 = -116*x. Suppose 3*u + x*l = 6*l + 285, 0 = -5*u + 3*l + 504. What is the tens digit of u?
9
Suppose 107953 - 257719 = -15*l + 148464. What is the ten thousands digit of l?
1
What is the hundreds digit of ((2 - 3)/(-1))/(3*1/16035)?
3
What is the ten thousands digit of (-83804)/(-3)*1/(14/42)?
8
Suppose 4*r -